{"id":896,"date":"2023-01-23T16:41:31","date_gmt":"2023-01-23T15:41:31","guid":{"rendered":"http:\/\/aqtilog.fr\/?page_id=896"},"modified":"2023-03-29T11:23:04","modified_gmt":"2023-03-29T09:23:04","slug":"microsoft-365","status":"publish","type":"page","link":"https:\/\/aqtilog.fr\/index.php\/microsoft-365\/","title":{"rendered":"Microsoft 365"},"content":{"rendered":"\n<div style=\"height:22px\" aria-hidden=\"true\" class=\"wp-block-spacer\"><\/div>\n\n\n\n<div class=\"wp-block-columns image_radius7 tuile has-background is-layout-flex wp-container-core-columns-is-layout-9d6595d7 wp-block-columns-is-layout-flex\" style=\"background:linear-gradient(135deg,rgb(3,75,130) 0%,rgb(40,154,252) 100%)\">\n<div class=\"wp-block-column is-layout-flow wp-block-column-is-layout-flow\" style=\"flex-basis:100%\">\n<div class=\"wp-block-columns is-layout-flex wp-container-core-columns-is-layout-9d6595d7 wp-block-columns-is-layout-flex\">\n<div class=\"wp-block-column is-layout-flow wp-block-column-is-layout-flow\" style=\"flex-basis:100%\">\n<h3 class=\"has-text-align-left has-nv-site-bg-color has-text-color wp-block-heading\">La nouvelle application Microsoft 365<\/h3>\n\n\n\n<p class=\"has-text-align-left has-nv-site-bg-color has-text-color\">L\u2019application Microsoft&nbsp;365 est le point d\u2019ancrage de toutes vos applications de productivit\u00e9 et de tous vos contenus pr\u00e9f\u00e9r\u00e9s. C\u2019est tout ce que vous avez aim\u00e9 dans l\u2019application Office, avec une nouvelle apparence et un nouveau nom, ainsi que des fonctionnalit\u00e9s intelligentes suppl\u00e9mentaires pour vous aider \u00e0 cr\u00e9er, partager et collaborer, le tout dans un seul et m\u00eame emplacement.<\/p>\n<\/div>\n<\/div>\n<\/div>\n<\/div>\n\n\n\n<p><strong>Fonctionnalit\u00e9s principales Microsoft 365 :<\/strong><\/p>\n\n\n\n<p><\/p>\n\n\n\n<div class=\"wp-block-columns is-layout-flex wp-container-core-columns-is-layout-9d6595d7 wp-block-columns-is-layout-flex\">\n<div class=\"wp-block-column is-layout-flow wp-block-column-is-layout-flow\" style=\"flex-basis:40%\">\n<p class=\"has-black-color has-text-color\"><i class=\"fas fa-square-check\"><\/i> Word<br><i class=\"fas fa-square-check\"><\/i> Excel<br><i class=\"fas fa-square-check\"><\/i> PowerPoint <br><i class=\"fas fa-square-check\"><\/i> Microsoft Teams <br><i class=\"fas fa-square-check\"><\/i> Outlook <br><i class=\"fas fa-square-check\"><\/i> OneDrive<br><i class=\"fas fa-square-check\"><\/i> &#8230;et plus encore <br><br><\/p>\n\n\n\n<p><\/p>\n<\/div>\n\n\n\n<div class=\"wp-block-column is-layout-flow wp-block-column-is-layout-flow\" style=\"flex-basis:60%\">\n<figure class=\"wp-block-image size-large\"><img loading=\"lazy\" decoding=\"async\" width=\"1024\" height=\"535\" src=\"https:\/\/aqtilog.fr\/wp-content\/uploads\/2023\/01\/microsoft-office-365-bi-cam-o-duc-1024x535.png\" alt=\"\" class=\"wp-image-933\" srcset=\"https:\/\/aqtilog.fr\/wp-content\/uploads\/2023\/01\/microsoft-office-365-bi-cam-o-duc-1024x535.png 1024w, https:\/\/aqtilog.fr\/wp-content\/uploads\/2023\/01\/microsoft-office-365-bi-cam-o-duc-300x157.png 300w, https:\/\/aqtilog.fr\/wp-content\/uploads\/2023\/01\/microsoft-office-365-bi-cam-o-duc-768x401.png 768w, https:\/\/aqtilog.fr\/wp-content\/uploads\/2023\/01\/microsoft-office-365-bi-cam-o-duc-1536x802.png 1536w, https:\/\/aqtilog.fr\/wp-content\/uploads\/2023\/01\/microsoft-office-365-bi-cam-o-duc.png 1960w\" sizes=\"auto, (max-width: 1024px) 100vw, 1024px\" \/><\/figure>\n<\/div>\n<\/div>\n\n\n\n<div style=\"height:34px\" aria-hidden=\"true\" class=\"wp-block-spacer\"><\/div>\n\n\n\n<p class=\"has-medium-font-size\"><strong>Les plus de Microsoft 365 avec votre partenaire Aqtilog<\/strong><\/p>\n\n\n\n<div class=\"wp-block-columns is-layout-flex wp-container-core-columns-is-layout-9d6595d7 wp-block-columns-is-layout-flex\">\n<div class=\"wp-block-column tuile_just img_radius7 is-layout-flow wp-block-column-is-layout-flow\"><div class=\"wp-block-image\">\n<figure class=\"aligncenter size-full\"><img loading=\"lazy\" decoding=\"async\" width=\"48\" height=\"48\" src=\"https:\/\/aqtilog.fr\/wp-content\/uploads\/2022\/10\/one.png\" alt=\"\" class=\"wp-image-578\"\/><\/figure>\n<\/div>\n\n\n<p><strong><a href=\"https:\/\/aqtilog.fr\/index.php\/projets\/\">Une solution adapt\u00e9e \u00e0 vos besoins<\/a><\/strong><br>Notre \u00e9quipe vous accompagnera tout au long de votre projet.<\/p>\n<\/div>\n\n\n\n<div class=\"wp-block-column tuile_just img_radius7 is-layout-flow wp-block-column-is-layout-flow\"><div class=\"wp-block-image\">\n<figure class=\"aligncenter size-full\"><img loading=\"lazy\" decoding=\"async\" width=\"48\" height=\"48\" src=\"https:\/\/aqtilog.fr\/wp-content\/uploads\/2022\/10\/formation.png\" alt=\"\" class=\"wp-image-580\"\/><\/figure>\n<\/div>\n\n\n<p><strong><a href=\"https:\/\/aqtilog.fr\/index.php\/formation\/\">Formation<\/a><\/strong><br>Aqtilog, accr\u00e9dit\u00e9 Qualiopi, apportera \u00e0 vos \u00e9quipe une formation de qualit\u00e9 personnalis\u00e9e<\/p>\n<\/div>\n\n\n\n<div class=\"wp-block-column tuile_just img_radius7 is-layout-flow wp-block-column-is-layout-flow\"><div class=\"wp-block-image\">\n<figure class=\"aligncenter size-full\"><img loading=\"lazy\" decoding=\"async\" width=\"48\" height=\"48\" src=\"https:\/\/aqtilog.fr\/wp-content\/uploads\/2022\/10\/casque.png\" alt=\"\" class=\"wp-image-581\"\/><\/figure>\n<\/div>\n\n\n<p><strong><a href=\"https:\/\/aqtilog.fr\/index.php\/hotline\/\">Hotline<\/a><\/strong><br>Un service Hotline \u00e0 vos c\u00f4t\u00e9s au quotidien.<\/p>\n<\/div>\n<\/div>\n\n\n\n<p class=\"has-medium-font-size\">Pour aller plus loin<\/p>\n\n\n\n<div class=\"wp-block-columns is-layout-flex wp-container-core-columns-is-layout-9d6595d7 wp-block-columns-is-layout-flex\">\n<div class=\"wp-block-column tuile_just img_radius7 is-layout-flow wp-block-column-is-layout-flow\">\n<p><strong><mark style=\"background-color:rgba(0, 0, 0, 0)\" class=\"has-inline-color has-neve-link-color-color\">Communiquez o\u00f9 que vous soyez<\/mark><\/strong><br><br>Vous cherchez \u00e0 \u00e9changer avec vos proches ou \u00e0 travailler avec vos collaborateurs ? Microsoft Teams offre un emplacement centralis\u00e9 au sein duquel vous pouvez organiser des r\u00e9unions, discuter par messagerie instantan\u00e9e, passer des appels et collaborer. Restez ainsi parfaitement organis\u00e9 et g\u00e9rez ais\u00e9ment votre journ\u00e9e.<\/p>\n<\/div>\n\n\n\n<div class=\"wp-block-column tuile_just img_radius7 is-layout-flow wp-block-column-is-layout-flow\">\n<p><strong><mark style=\"background-color:rgba(0, 0, 0, 0)\" class=\"has-inline-color has-neve-link-color-color\">Collaborez et cr\u00e9ez en temps r\u00e9el<\/mark><\/strong><br><br>Concr\u00e9tisez vos id\u00e9es avec vos coll\u00e8gues, vos camarades de classe ou vos proches sur tous vos appareils gr\u00e2ce \u00e0 des applications puissantes, telles que Word, Excel et PowerPoint. Partagez et consultez ais\u00e9ment des fichiers o\u00f9 que vous soyez gr\u00e2ce au stockage en ligne OneDrive s\u00e9curis\u00e9.<\/p>\n<\/div>\n\n\n\n<div class=\"wp-block-column tuile_just img_radius7 is-layout-flow wp-block-column-is-layout-flow\">\n<p><strong><mark style=\"background-color:rgba(0, 0, 0, 0)\" class=\"has-inline-color has-neve-link-color-color\">Prot\u00e9gez ce qui compte pour vous<\/mark><\/strong><br><br>Restez prot\u00e9g\u00e9 et productif, quel que soit votre appareil. Gr\u00e2ce aux fonctionnalit\u00e9s de s\u00e9curit\u00e9 compl\u00e8tes, intelligentes et professionnelles int\u00e9gr\u00e9es, vous savez que vos informations personnelles, ainsi que vos appareils, applications et donn\u00e9es sont prot\u00e9g\u00e9es.&nbsp;<\/p>\n<\/div>\n<\/div>\n\n\n\n<div class=\"wp-block-cover alignfull is-light\" style=\"min-height:88px;aspect-ratio:unset;\"><span aria-hidden=\"true\" class=\"wp-block-cover__background has-background-dim-100 has-background-dim has-background-gradient has-pale-ocean-gradient-background\"><\/span><div class=\"wp-block-cover__inner-container is-layout-flow wp-block-cover-is-layout-flow\">\n<div style=\"height:22px\" aria-hidden=\"true\" class=\"wp-block-spacer\"><\/div>\n\n\n\n<h2 class=\"has-text-align-center has-medium-font-size wp-block-heading\">Contactez-nous : <a href=\"https:\/\/aqtilog.fr\/index.php\/15c42-web-agency-gb-contact-us\/\">formulaire de contact<\/a><\/h2>\n<\/div><\/div>\n\n\n\n<div style=\"height:14px\" aria-hidden=\"true\" class=\"wp-block-spacer\"><\/div>\n","protected":false},"excerpt":{"rendered":"<p>La nouvelle application Microsoft 365 L\u2019application Microsoft&nbsp;365 est le point d\u2019ancrage de toutes vos applications de productivit\u00e9 et de tous vos contenus pr\u00e9f\u00e9r\u00e9s. C\u2019est tout ce que vous avez aim\u00e9 dans l\u2019application Office, avec une nouvelle apparence et un nouveau nom, ainsi que des fonctionnalit\u00e9s intelligentes suppl\u00e9mentaires pour vous aider \u00e0 cr\u00e9er, partager et collaborer,&hellip;&nbsp;<a href=\"https:\/\/aqtilog.fr\/index.php\/microsoft-365\/\" class=\"\" rel=\"bookmark\">Lire la suite &raquo;<span class=\"screen-reader-text\">Microsoft 365<\/span><\/a><\/p>\n","protected":false},"author":3,"featured_media":0,"parent":0,"menu_order":0,"comment_status":"closed","ping_status":"closed","template":"","meta":{"neve_meta_sidebar":"","neve_meta_container":"","neve_meta_enable_content_width":"","neve_meta_content_width":0,"neve_meta_title_alignment":"","neve_meta_author_avatar":"","neve_post_elements_order":"","neve_meta_disable_header":"","neve_meta_disable_footer":"","neve_meta_disable_title":"off","footnotes":""},"class_list":["post-896","page","type-page","status-publish","hentry"],"_links":{"self":[{"href":"https:\/\/aqtilog.fr\/index.php\/wp-json\/wp\/v2\/pages\/896","targetHints":{"allow":["GET"]}}],"collection":[{"href":"https:\/\/aqtilog.fr\/index.php\/wp-json\/wp\/v2\/pages"}],"about":[{"href":"https:\/\/aqtilog.fr\/index.php\/wp-json\/wp\/v2\/types\/page"}],"author":[{"embeddable":true,"href":"https:\/\/aqtilog.fr\/index.php\/wp-json\/wp\/v2\/users\/3"}],"replies":[{"embeddable":true,"href":"https:\/\/aqtilog.fr\/index.php\/wp-json\/wp\/v2\/comments?post=896"}],"version-history":[{"count":8,"href":"https:\/\/aqtilog.fr\/index.php\/wp-json\/wp\/v2\/pages\/896\/revisions"}],"predecessor-version":[{"id":1507,"href":"https:\/\/aqtilog.fr\/index.php\/wp-json\/wp\/v2\/pages\/896\/revisions\/1507"}],"wp:attachment":[{"href":"https:\/\/aqtilog.fr\/index.php\/wp-json\/wp\/v2\/media?parent=896"}],"curies":[{"name":"wp","href":"https:\/\/api.w.org\/{rel}","templated":true}]}}